er when 8978 is divided by 74?
24
Calculate the remainder when 221501 is divided by 402.
401
Calculate the remainder when 513286 is divided by 725.
711
What is the remainder when 5309442 is divided by 28?
26
Calculate the remainder when 5752 is divided by 827.
790
Calculate the remainder when 11316 is divided by 328.
164
What is the remainder when 29218 is divided by 2248?
2242
What is the remainder when 95834 is divided by 31938?
20
What is the remainder when 1458 is divided by 294?
282
Calculate the remainder when 1921 is divided by 637.
10
What is the remainder when 24111 is divided by 1615?
1501
What is the remainder when 891 is divided by 117?
72
What is the remainder when 247995 is divided by 116?
103
What is the remainder when 12168 is divided by 1145?
718
Calculate the remainder when 15629 is divided by 29.
27
What is the remainder when 13578 is divided by 328?
130
What is the remainder when 913 is divided by 57?
1
Calculate the remainder when 173445 is divided by 86720.
5
Calculate the remainder when 2072 is divided by 4.
0
Calculate the remainder when 16236077 is divided by 80.
77
What is the remainder when 298403 is divided by 66?
17
Calculate the remainder when 19758 is divided by 80.
78
What is the remainder when 161728 is divided by 13471?
76
What is the remainder when 712 is divided by 260?
192
What is the remainder when 106160 is divided by 101?
9
Calculate the remainder when 2249 is divided by 95.
64
Calculate the remainder when 77329 is divided by 12884.
25
What is the remainder when 1021 is divided by 17?
1
Calculate the remainder when 8034 is divided by 3964.
106
What is the remainder when 6322 is divided by 162?
4
What is the remainder when 78241 is divided by 21?
16
What is the remainder when 330 is divided by 103?
21
Calculate the remainder when 276 is divided by 47.
41
What is the remainder when 20459 is divided by 7?
5
What is the remainder when 106418 is divided by 661?
658
Calculate the remainder when 38870 is divided by 344.
342
What is the remainder when 32568 is divided by 2711?
36
Calculate the remainder when 30929 is divided by 18.
5
What is the remainder when 29233 is divided by 155?
93
What is the remainder when 72111 is divided by 101?
98
What is the remainder when 6161 is divided by 411?
407
Calculate the remainder when 322950 is divided by 7.
5
What is the remainder when 11781 is divided by 6?
3
What is the remainder when 45432 is divided by 11344?
56
Calculate the remainder when 27811 is divided by 9267.
10
Calculate the remainder when 10435 is divided by 5103.
229
Calculate the remainder when 72455 is divided by 249.
245
Calculate the remainder when 6810 is divided by 180.
150
What is the remainder when 27141 is divided by 6754?
125
What is the remainder when 15750 is divided by 47?
5
Calculate the remainder when 1581 is divided by 335.
241
What is the remainder when 2742 is divided by 297?
69
What is the remainder when 18544 is divided by 3653?
279
What is the remainder when 50944 is divided by 717?
37
Calculate the remainder when 336649 is divided by 951.
946
Calculate the remainder when 638332 is divided by 8.
4
What is the remainder when 17033 is divided by 16919?
114
What is the remainder when 2367 is divided by 933?
501
Calculate the remainder when 52430 is divided by 433.
37
What is the remainder when 1374 is divided by 379?
237
What is the remainder when 41279 is divided by 737?
7
Calculate the remainder when 12364 is divided by 1728.
268
What is the remainder when 684 is divided by 304?
76
Calculate the remainder when 1597 is divided by 1597.
0
What is the remainder when 898 is divided by 409?
80
Calculate the remainder when 6227116 is divided by 73.
70
What is the remainder when 118470 is divided by 69?
66
Calculate the remainder when 856662 is divided by 7581.
9
What is the remainder when 13168 is divided by 12990?
178
What is the remainder when 19025 is divided by 560?
545
Calculate the remainder when 37750 is divided by 28.
6
Calculate the remainder when 105264 is divided by 35084.
12
Calculate the remainder when 42505 is divided by 2656.
9
Calculate the remainder when 29567 is divided by 4921.
41
Calculate the remainder when 22001 is divided by 21993.
8
What is the remainder when 3228 is divided by 129?
3
Calculate the remainder when 76092 is divided by 25364.
0
Calculate the remainder when 372 is divided by 27.
21
Calculate the remainder when 8556 is divided by 69.
0
Calculate the remainder when 177805 is divided by 3.
1
What is the remainder when 174777 is divided by 102?
51
Calculate the remainder when 105517 is divided by 194.
175
What is the remainder when 9235 is divided by 140?
135
What is the remainder when 49941 is divided by 420?
381
Calculate the remainder when 58679 is divided by 11.
5
What is the remainder when 70924 is divided by 5455?
9
Calculate the remainder when 313 is divided by 298.
15
Calculate the remainder when 223 is divided by 28.
27
Calculate the remainder when 501413 is divided by 44.
33
Calculate the remainder when 8909 is divided by 2150.
309
Calculate the remainder when 71943 is divided by 1754.
29
What is the remainder when 39182 is divided by 496?
494
What is the remainder when 97713 is divided by 97699?
14
What is the remainder when 9799 is divided by 16?
7
Calculate the remainder when 9221 is divided by 4.
1
Calculate the remainder when 1732 is divided by 336.
52
What is the remainder when 538388 is divided by 200?
188
Calculate the remainder when 1606 is divided by 1145.
461
Calculate the remainder when 3037 is divided by 750.
37
What is the remainder when 2746 is divided by 346?
324
What is the remainder when 1717 is divided by 82?
77
What is the remainder when 698 is divided by 696?
2
What is the remainder when 11747 is divided by 47?
44
Calculate the remainder when 6912 is divided by 361.
53
Calculate the remainder when 300387 is divided by 310.
307
What is the remainder when 1662 is divided by 203?
38
What is the remainder when 5619 is divided by 270?
219
What is the remainder when 19972 is divided by 2353?
1148
Calculate the remainder when 15731 is divided by 8.
3
Calculate the remainder when 28433 is divided by 36.
29
Calculate the remainder when 200 is divided by 38.
10
What is the remainder when 118191 is divided by 23?
17
Calculate the remainder when 23649 is divided by 5912.
1
What is the remainder when 213897 is divided by 186?
183
What is the remainder when 2347162 is divided by 412?
410
What is the remainder when 1182958 is divided by 80?
78
Calculate the remainder when 43978 is divided by 686.
74
Calculate the remainder when 10656 is divided by 438.
144
What is the remainder when 5214 is divided by 180?
174
Calculate the remainder when 64938 is divided by 477.
66
Calculate the remainder when 598 is divided by 11.
4
What is the remainder when 32870 is divided by 765?
740
What is the remainder when 62590 is divided by 45?
40
What is the remainder when 15602 is divided by 155?
102
Calculate the remainder when 77471 is divided by 8607.
8
What is the remainder when 259523 is divided by 35?
33
What is the remainder when 462 is divided by 17?
3
What is the remainder when 531246 is divided by 531239?
7
Calculate the remainder when 41056 is divided by 436.
72
What is the remainder when 346 is divided by 335?
11
What is the remainder when 559 is divided by 231?
97
Calculate the remainder when 429 is divided by 167.
95
What is the remainder when 6748 is divided by 2211?
115
What is the remainder when 25815 is divided by 1217?
258
What is the remainder when 77723 is divided by 128?
27
What is the remainder when 2557 is divided by 840?
37
What is the remainder when 450677 is divided by 76?
73
Calculate the remainder when 3325 is divided by 117.
49
Calculate the remainder when 3069 is divided by 123.
117
Calculate the remainder when 2313 is divided by 246.
99
Calculate the remainder when 86299 is divided by 248.
243
What is the remainder when 45226 is divided by 148?
86
Calculate the remainder when 19748 is divided by 1056.
740
Calculate the remainder when 287167 is divided by 65.
62
Calculate the remainder when 3557 is divided by 149.
130
Calculate the remainder when 3412 is divided by 52.
32
Calculate the remainder when 625092 is divided by 261.
258
